*p**3 - 30*p**2 + p - 12. What is m(15)?
3
Let s(k) = -k**3 + 15*k**2 + 27. What is s(15)?
27
Let t(f) = -61*f - 216. Give t(-4).
28
Let k(b) = -4*b - 111. Give k(-33).
21
Let a(x) = -x**3 - x**2 - 3*x - 16. What is a(0)?
-16
Let i(r) = 14*r + 286. What is i(-20)?
6
Let u(x) = -x**2 + 8*x + 2. Determine u(7).
9
Let w(c) = -c**3 - 28*c**2 + 92*c - 36. What is w(-31)?
-5
Let p(h) = 60*h**3 - 3*h**2 + h + 1. What is p(1)?
59
Let h(b) = b**3 + 13*b**2 - 14*b + 31. Calculate h(-14).
31
Let r(n) = -n**2 + 6*n - 5. Give r(5).
0
Let p(k) = -k - 26. Determine p(-26).
0
Let j(c) = c**2 - c - 6. Give j(3).
0
Let g(x) = 3*x**2 + 62*x + 48. Determine g(-20).
8
Let q(w) = -w**3 + 4*w**2 + 3*w. Calculate q(4).
12
Let m(x) = 2*x - 6. Calculate m(6).
6
Let p(h) = h**2 - 15*h + 2. What is p(8)?
-54
Let f(c) = 7*c - 6. Determine f(6).
36
Let k(p) = p**3 - 12*p**2 + 14*p - 34. Give k(11).
-1
Let x(y) = -y**3 - y**2 + y + 4. Calculate x(0).
4
Let q(i) = i**3 + 10*i**2 + i + 3. What is q(-10)?
-7
Let d(o) = -o**2 - 2*o + 1. Determine d(0).
1
Let s(k) = 5*k**2 - 36*k - 1. Determine s(7).
-8
Let i(c) = 25*c + 238. Calculate i(-9).
13
Let d(y) = -3*y + 26. What is d(4)?
14
Let g(c) = -c**2 + 39*c - 369. What is g(23)?
-1
Let i(r) = -2*r**3 + 27*r**2 - 16*r - 29. Give i(13).
-68
Let c(d) = -4*d**2 - 3*d + 4. Give c(4).
-72
Let s(k) = k**2 - 11*k - 29. What is s(-2)?
-3
Let h(x) = 5*x**2 - 10*x. Calculate h(4).
40
Let j(p) = p**3 - p**2 - 6*p. Calculate j(5).
70
Let f(z) = 28*z + 76. What is f(-3)?
-8
Let r(a) = 2*a**2 - 6*a + 6. Calculate r(1).
2
Let j(q) = -q**3 - 8*q**2 + 8*q + 5. Calculate j(-9).
14
Let y(g) = g**2 + 9*g + 8. Calculate y(0).
8
Let r(x) = -x**3 - 8*x**2 + 27*x - 16. Give r(-11).
50
Let u(g) = -5*g**2 - g. Determine u(2).
-22
Let k(y) = -y + 9. Determine k(9).
0
Let c(y) = y**3 - 16*y**2 + 31*y - 21. Determine c(14).
21
Let h(c) = c**2 + 13*c - 6. What is h(-14)?
8
Let j(i) = i**2 + i - 12. Give j(3).
0
Let s(w) = 36*w + 158. What is s(-4)?
14
Let x(k) = -9*k**3 + 9*k + 7. Give x(-1).
7
Let a(y) = -2*y - 9. Give a(-6).
3
Let a(m) = -2*m**3 - 3*m**2 - 7*m - 10. Calculate a(-2).
8
Let l(r) = -r**3 + 22*r**2 - 21*r + 4. What is l(21)?
4
Let v(d) = 2*d - 31. Give v(12).
-7
Let m(f) = -2*f**2 + 24*f - 34. Calculate m(10).
6
Let c(v) = -v**2 + 11*v - 5. Give c(4).
23
Let h(g) = -g**3 - 11*g**2 - 10*g - 7. What is h(-10)?
-7
Let z(w) = -w - 29. Give z(-4).
-25
Let c(q) = -29*q + 230. What is c(8)?
-2
Let j(w) = w**3 - 17*w**2 + 13*w + 40. What is j(16)?
-8
Let n(s) = s**2 + 10*s - 7. What is n(-8)?
-23
Let g(o) = -o**2 + 5*o + 4. Determine g(0).
4
Let d(b) = -3*b - 6. Calculate d(-11).
27
Let a(c) = -c**3 + 4*c**2 + 2*c + 12. Determine a(5).
-3
Let q(s) = -3*s - 40. Give q(-12).
-4
Let i(u) = -2*u**3 - 6*u**2 - 18*u - 51. Calculate i(-4).
53
Let d(u) = -20*u - 133. Give d(-7).
7
Let z(w) = -w**3 + w**2 + 4*w + 3. Calculate z(3).
-3
Let u(m) = -16*m + 71. Determine u(10).
-89
Let h(l) = 3*l**2 + l - 11. Calculate h(-4).
33
Let d(y) = y**3 + 6*y**2 - 4*y - 21. Determine d(-6).
3
Let o(r) = -6*r + 241. Give o(37).
19
Let i(w) = w + 8. What is i(7)?
15
Let y(z) = -z**3 + 14*z**2 - z - 1. What is y(14)?
-15
Let t(q) = 5*q**2 - 7*q + 9. What is t(3)?
33
Let p(v) = v**3 + 10*v**2 + 11*v - 4. What is p(-9)?
-22
Let i(v) = -30*v**3 + 2*v**2 - v. Calculate i(1).
-29
Let v(t) = -2*t - 4. Determine v(-8).
12
Let r(o) = 3*o**3 - 3*o**2 + 2*o - 2. Give r(2).
14
Let a(x) = x**3 + 11*x**2 + x - 10. Calculate a(-11).
-21
Let b(n) = -n**2 - 39*n + 36. Determine b(-40).
-4
Let w(v) = -7*v - 106. Calculate w(-12).
-22
Let q(p) = -p**2 - 16*p - 40. Calculate q(-17).
-57
Let h(b) = 3*b + 7. What is h(3)?
16
Let g(l) = -2*l**2 - 10*l - 20. Determine g(-2).
-8
Let a(f) = -3*f**3 + 62*f**2 - 41*f + 8. Determine a(20).
-12
Let k(i) = 5*i - 82. Calculate k(16).
-2
Let d(q) = -q**2 - 10*q - 12. Calculate d(-8).
4
Let p(u) = 3*u**2 + 14*u - 3. Calculate p(-5).
2
Let g(x) = x**2 + 2*x - 6. Determine g(-7).
29
Let s(i) = -2*i**3 - 4*i**2 + 15*i + 6. Give s(-5).
81
Let f(p) = p**2 - 11*p + 2. What is f(10)?
-8
Let w(s) = s**2 - 7*s - 7. Calculate w(5).
-17
Let z(f) = 5*f**2 + 3*f - 2. What is z(2)?
24
Let m(y) = -5*y + 11. Determine m(4).
-9
Let b(y) = -2*y**3 + 49*y**2 + 25*y - 1. What is b(25)?
-1
Let w(t) = -9*t**3 + t**2 - t - 1. Give w(-1).
10
Let l(c) = 2*c**3 + 16*c**2 + 4*c + 12. Calculate l(-8).
-20
Let k(j) = j**3 - 5*j**2 - 4*j + 3. Give k(6).
15
Let y(w) = -2*w**2 + 17*w + 22. Determine y(9).
13
Let l(c) = 2*c + 3. Determine l(7).
17
Let n(f) = 7*f - 9. Determine n(0).
-9
Let s(p) = -p**3 + 7*p**2 - 7*p - 9. Determine s(7).
-58
Let i(z) = z**2 + 17*z + 2. Give i(-7).
-68
Let n(s) = -3*s - 44. What is n(-17)?
7
Let y(j) = 2*j**2 + 44*j + 2. What is y(-21)?
-40
Let l(n) = -2*n**2 + 45*n - 52. Determine l(21).
11
Let u(m) = m**2 - 30*m + 63. Calculate u(28).
7
Let f(h) = -2*h**2 - 15*h + 6. Give f(-9).
-21
Let a(g) = -4*g**3 + g**2 + 3*g - 3. What is a(3)?
-93
Let q(h) = h**2 + 10*h - 35. Calculate q(-9).
-44
Let i(l) = -7*l**2 + 10*l - 10. Determine i(1).
-7
Let o(g) = -15*g + 19. Calculate o(-4).
79
Let x(z) = -10*z**2 - 2*z + 14. Calculate x(0).
14
Let y(l) = 2*l - 6. Calculate y(2).
-2
Let v(d) = 11*d - 127. Give v(13).
16
Let i(y) = y**2 - 6*y + 5. Give i(4).
-3
Let i(k) = k**2 + 11*k + 17. Give i(-6).
-13
Let p(m) = m**3 - 6*m**2 - 14*m + 1. Determine p(8).
17
Let k(r) = 2*r**3 - 6*r**2 + 3. Give k(3).
3
Let y(c) = -26*c**3 + c**2 - 1. Give y(-1).
26
Let p(u) = u**3 + 6*u**2 - 33. Calculate p(-5).
-8
Let w(j) = -j**3 - j**2 + 3*j - 4. Give w(-4).
32
Let p(o) = o**3 + 23*o**2 - 25*o - 19. Determine p(-24).
5
Let d(x) = 2*x**3 + 9*x**2 + 9*x + 11. Calculate d(-3).
11
Let x(f) = f**2 - 2*f - 6. Determine x(3).
-3
Let v(i) = i**3 + 5*i**2 + 7*i + 12. What is v(-6)?
-66
Let f(n) = -4*n**2 + 171*n + 13. What is f(43)?
-30
Let z(p) = p + 11. Calculate z(-16).
-5
Let g(d) = 2*d**2 + 39*d + 6. Give g(-20).
26
Let w(j) = 89*j + 5. Calculate w(0).
5
Let d(h) = -20*h - 33. Give d(-2).
7
Let x(t) = -t**2 - 11*t + 31. What is x(-17)?
-71
Let u(w) = -w**3 - 2*w**2 + 4*w - 4. What is u(0)?
-4
Let a(b) = -4*b**2 - 1. What is a(-1)?
-5
Let f(w) = w**2 - 8*w + 8. What is f(7)?
1
Let w(h) = h**3 + 5*h**2 - 2*h + 5. What is w(-6)?
-19
Let i(t) = t**2 + 19*t + 18. Determine i(-11).
-70
Let n(b) = b**2 - 12*b + 5. Give n(6).
-31
Let v(x) = -4*x + 4. Determine v(13).
-48
Let g(a) = -2*a**2 + 59*a - 86. What is g(28)?
-2
Let a(r) = r**2 - 25*r + 15. Determine a(24).
-9
Let i(u) = u**2 - 11*u + 3. What is i(9)?
-15
Let c(a) = -a**2 - 6*a - 1. Calculate c(-4).
7
Let f(p) = -p**3 - 3*p**2 + 2*p - 5. Determine f(-4).
3
Let x(o) = 4*o**3 + 2*o**2 - 3*o + 2. Calculate x(1).
5
Let x(j) = -j**3 + 15*j**2 + 13*j + 38. Give x(16).
-10
Let c(t) = t + 12. What is c(-19)?
-7
Let x(w) = w**2 + 6*w - 33. What is x(8)?
79
Let g(u) = -u**3 - 4*u**2 - 7*u - 7. Calculate g(-5).
53
Let q(h) = 9*h + 1. What is q(-1)?
-8
Let s(l) = -l**3 - 4*l**2 - 6. Give s(-5).
19
Let z(f) = -14*f**2 + 4*f - 3. Determine z(1).
-13
Let j(n) = -4*n - 6. Determine j(-4).
10
Let t(j) = j**3 + 15*j**2 + 12*j - 20. What is t(-14)?
8
Let f(o) = o - 1. Calculate f(7).
6
Let j(f) = -f**3 + 7*f**2 - f - 4. Give j(6).
26
Let k(s) = -2*s**3 - 5*s**2 - 6*s + 3. What is k(-2)?
11
Let n(u) = -u**2 - 34*u + 290. Determine n(-41).
3
Let y(n) = 6*n**2 - 17*n - 13. Give y(3).
-10
Let t(o) = o**3 + 7*o**2 + 9. Give t(-7).
9
Let u(s) = s**3 - 6*s**2 - 19*s + 5. Calculate u(8).
-19
Let t(c) = -38*c - 1. Give t(1).
-39
Let i(z) = 2*z + 30. What is i(-7)?
16
Let t(x) = x**3 - 8*x**2 - 7*x - 11. Determine t(9).
7
Let n(u) = 6*u**2 + u + 2. What is n(-1)?
7
Let m(j) = -j**3 + 15*j**2 - 7*j + 13. Determine m(14).
111
Let d(l) = 4*l - 18. Calculate d(4).
-2
Let v(g) = -g**2 - 3*g - 15. Determine v(-4).
-19
Let o(f) = 7*f + 5. Calculate o(0).
5
Let k(x) = -x**3 - 9*x**2 - x - 13. Determine k(-9).
-4
Let v(y) = y**3 - 5*y**2 + y. Determine v(4).
-12
Let r(l) = -l**3 - 10*l**2 + 2*l - 102. Calculate r(-11).
-3
Let m(a) = -2*a + 14. What is m(0)?
14
Let z(a) = -6*a**3 + 3*a**2 + 6*a - 6. Calculate z(3).
-123
Let u(w) = -w**2 + 4*w - 4. Calculate u(4).
-4
Let s(q) = -q**3 + 7*q**2 - 6*q + 10. Determine s(6).
10
Let p(q) = q**3 - q**2 - 4*q - 7. Determine p(3).
-1